= -4*b + 3*b. Calculate the greatest common factor of z and b.
14
Suppose -5*m + 9 = q, -5*q + m + 86 = -11. Suppose q*v = 17*v + 72. What is the greatest common factor of 36 and v?
36
Suppose -590 = 2*b - 136. Let a = b - -238. Calculate the greatest common divisor of 44 and a.
11
Let r be ((-2)/3)/(26/(-1677)). Let z = -24 + 153. Let o be ((-55)/(-15))/(1/z). Calculate the highest common divisor of o and r.
43
Suppose 0 = -368*a - 1777 - 252 + 20061. What is the greatest common divisor of a and 1862?
49
Suppose -2*m - 15 = -45. Suppose -42*j = 76*j - 49214 - 3886. Calculate the greatest common factor of m and j.
15
Let a be -8*(-6)/18*(-6201)/(-12). Calculate the highest common divisor of 26 and a.
26
Suppose -i + 2 = -3*t, 4*i = 3*i - t + 2. Let b be 2/(-8) + 794*i/16. Let l = b - 98. Calculate the highest common divisor of l and 5.
1
Let u be 2*(-2)/(-20) - 1089/(-55). Let s = 19 - u. Let f be (0/(-1))/s - (-9 + 3). Calculate the highest common factor of 24 and f.
6
Let i(t) = t**3 + 7*t**2 + 3*t + 7. Let l be i(-6). Let d(j) = -3003*j - 38614. Let q be d(-13). What is the highest common divisor of l and q?
25
Let w(h) = -4*h**3 - 211*h**2 + 134*h - 16. Let p be w(-54). What is the greatest common divisor of 32 and p?
32
Let s be (-16)/((32/(-64))/((-1)/(-2))). Calculate the highest common factor of 880 and s.
16
Suppose -4*r = 2*g - 5348, -53*g = -48*g + 5*r - 13395. What is the highest common divisor of 44 and g?
44
Let s = 48 - 36. Let n(g) = -5*g - 6. Let i(b) = 5*b + 5. Let o(f) = -4*i(f) - 3*n(f). Let z be o(-1). What is the greatest common divisor of z and s?
3
Let u = 3180 + -1596. What is the highest common divisor of u and 45?
9
Suppose 0 = -6*i + 4*i - g + 414, -4*i = g - 826. Let x = -111 + i. Let z = -3633 - -3652. Calculate the greatest common factor of z and x.
19
Suppose -1088 - 137 = -5*a + 3*w, 0 = 3*a + 5*w - 735. Calculate the greatest common divisor of 140 and a.
35
Let c = 3296 + -3272. What is the highest common factor of 5496 and c?
24
Let m be 2/6 - ((-200)/(-12))/5. Let s = m - -78. Calculate the highest common factor of s and 50.
25
Suppose -2*u + 8 = 2*u. Let k = 11833 + -11833. Let c be (k + 9)*u*3. Calculate the greatest common divisor of c and 81.
27
Let h be (-138)/(-184) + 1023/12. Calculate the highest common divisor of 1376 and h.
86
Suppose -28*a - 295 = -883. Calculate the highest common factor of 87 and a.
3
Let m be 0/(0 - -2)*1 + 2. Suppose 0 = -4*r, f = m*f - 5*r. Let t be 16/((f - 2)/((-8)/1)). What is the highest common divisor of t and 16?
16
Let g(b) = b**2 + 4*b - 3. Let u be g(-11). Suppose 2 = -z - l, l - 6 = z - 12. What is the greatest common factor of u and z?
2
Let w be 24/(-12) + (-36*5)/(-9). Calculate the greatest common factor of 7767 and w.
9
Let r(c) = -c**3 - c**2 + 27*c + 66. Let m be r(-12). Calculate the highest common divisor of 714 and m.
102
Suppose 4*y = 3*d + 16167, -15*y + d = -16*y + 4040. What is the greatest common factor of 27 and y?
9
Suppose -3*n - 5*l = -22, 3*n - 6 = 3*l - 0*l. Let x = 33 - 29. Let q be (1 + 5)*x/(10 + -6). Calculate the highest common divisor of q and n.
2
Let h = 6997 - 6198. Calculate the highest common divisor of h and 51.
17
Suppose -17*n - 42900 = -42*n + 14*n. What is the highest common factor of n and 1248?
156
Let n(c) = -c**2 + 22*c + 48. Let i be n(24). Suppose q + 278 - 332 = i. Calculate the highest common factor of 10 and q.
2
Let i(a) = -89*a + 2. Let d be i(-2). Suppose -4*z = 12, 2*z = -3*f - 0*z - 36. Let t be (-6 + 13 - 9)*f. Calculate the greatest common factor of t and d.
20
Suppose 5*m - 18 = 3*p - 392, 0 = 4*p + 2*m - 464. Suppose -i - 3*a = -2*a - 60, 0 = -3*i - a + 178. Calculate the greatest common divisor of p and i.
59
Let l(i) = 73*i + 1021. Let d be l(-22). Let b = 633 + d. Let v be -5*((-23)/5 - -1). What is the greatest common factor of v and b?
6
Suppose -227*y = -28278 - 1918 - 22014. Suppose 2*b + 0*b - 80 = 0. What is the highest common factor of b and y?
10
Suppose -20*g = -3*f + 86, 56*g - 48 = -f + 53*g. Suppose 4*v - 274 = -2*c, -2*v - 2*c = -3*v + 76. Calculate the highest common divisor of f and v.
14
Let b(o) = -o + 142. Let t be b(-10). Let c be t - (2/(-1 + 3) + -5). Calculate the highest common divisor of 39 and c.
39
Suppose -233 = -4*h + 31. Let s = -242 - -245. Suppose -s*z + 22 = -w + 1, -4*z + 36 = -4*w. What is the greatest common divisor of z and h?
6
Let w(n) = -5*n**3 - n**2. Let i be w(-1). Suppose -3*m + f + 78 = i*f, -58 = -2*m + 4*f. Suppose -5*v + 28 = -m. What is the highest common factor of v and 99?
11
Suppose -9*c = -7*c - 8. Let p be -8*(9/(-6) - -1). Suppose 4 - 23 = f - p*b, c*f + 5*b = 29. Calculate the highest common factor of f and 4.
1
Let p be -33*1/6*-2. Let v(d) = d**3 - 6*d**2 + 6*d + 8. Let w be v(6). Suppose -w*f = -43*f - 55. Calculate the highest common divisor of f and p.
11
Suppose -z + 5*c = 2*z - 22, -4*c = 5*z + 25. Let j be (-5)/z - (-16)/(-4). Let n be -6 + 4 - (-7 - j) - -3. What is the greatest common factor of n and 9?
9
Suppose 20*c - 12 = 21*c + 4*b, 5*b + 40 = 5*c. Suppose -5*n + c*t + 334 = 0, 3*t + 67 + 68 = 2*n. What is the highest common factor of 297 and n?
33
Let f(r) = r**2 + 5*r + 22. Let i(a) = 4*a + 17. Let y = 1 + -7. Let t be i(y). Let m be f(t). What is the highest common divisor of 252 and m?
36
Let v(m) = 2*m**2 + 209*m + 119. Let i be v(-105). Let l(u) = 4*u**3 + 4*u**2 - 3*u. Let h be l(2). Calculate the highest common divisor of i and h.
14
Suppose 5*g - 4*g = 2*x - 1873, -4*g - 7484 = -4*x. Let j be (g/6)/7 - 9/(-6). Let z = -30 - j. What is the highest common factor of z and 143?
13
Let q be 48*18/(-10 - -82). Calculate the highest common factor of q and 111.
3
Let h = -342 + 343. What is the greatest common factor of h and 256?
1
Suppose -4*z = -2*s, -3*z + 2*z - 1 = -s. Suppose -s*g - g + 967 = m, -3*g = -5*m - 997. Calculate the greatest common divisor of 24 and g.
12
Let z be 156*1/3*1. What is the highest common divisor of 356 and z?
4
Let i(o) = 5*o**2 - 64*o + 48. Let u be i(-11). Calculate the greatest common factor of 161 and u.
23
Let s = 9 - -4. Let i be 10*(s - (0 - 4)). Suppose -p = 2*l - 83, -2*p + i = 4*l - 4*p. What is the greatest common divisor of l and 21?
21
Suppose 0 = 4*a + 4*n - 408, -n + 30 - 132 = -a. What is the highest common divisor of 6 and a?
6
Let n = -9534 + 10154. What is the highest common divisor of n and 5456?
124
Let g be 0 + 459 + 10 + -10. Let z = -12526 + 12543. What is the greatest common factor of z and g?
17
Let s be 169928/76 + (-14)/(-133). What is the highest common divisor of s and 442?
26
Let m = 1615 + -856. What is the highest common divisor of m and 276?
69
Let x = 1826 - 1722. Calculate the highest common divisor of x and 156.
52
Suppose 244 + 80 = 18*o. What is the greatest common divisor of o and 1152?
18
Suppose 5*p - 2*a + 32 - 300 = 0, 0 = p + 3*a - 57. Suppose -5*x + 130 = -0*x. Let v = p - x. Calculate the highest common divisor of v and 112.
28
Suppose -410*y + 431*y = 71904. Calculate the greatest common factor of 535 and y.
107
Suppose 0 = 4*o - o - 3, 27 = 4*v - o. Suppose 9*q = v*q + 20. Let i = q + 9. Calculate the highest common factor of i and 95.
19
Let f(v) = 41*v - 4024. Let x be f(99). What is the greatest common divisor of 30 and x?
5
Let f(q) = -4*q**3 - 189*q**2 - 49*q - 30. Let w be f(-47). What is the highest common divisor of w and 356?
4
Let y = 316 + 2036. What is the highest common divisor of y and 49?
49
Let c(o) = -2*o + 2. Let v be c(-2). Let t be 26/1 + 7/(28/16). Suppose -v*w = -4*w - t. What is the greatest common factor of 30 and w?
15
Suppose -r + 3*x + 9 = r, -2*x - 10 = 0. Let k be r/2 + (-395)/(-2). Calculate the greatest common divisor of 56 and k.
28
Suppose 2*y + 3*y - 10 = 0. Suppose -119 + 41 = -y*h. Let l be (-6)/(-9) - (73/(-3) - 1). What is the greatest common divisor of l and h?
13
Suppose 0 = 4*a + m - 35, a + 52*m - 48*m - 20 = 0. What is the greatest common factor of a and 760?
8
Suppose -68 = 41*w - 314. What is the greatest common factor of 486 and w?
6
Suppose -13*m = -3 - 2493. Let d = 199 - m. Suppose -4*r + 309 = r - 3*s, -5*r - 3*s = -321. Calculate the highest common divisor of r and d.
7
Suppose -6*z + 989 = 971. Suppose 3*